{"id":4716,"date":"2025-09-14T11:46:10","date_gmt":"2025-09-14T09:46:10","guid":{"rendered":"https:\/\/nwrrv.de\/?page_id=4716"},"modified":"2025-11-01T14:51:49","modified_gmt":"2025-11-01T12:51:49","slug":"trainingsgruppen-leistungsstufen-2-copy","status":"publish","type":"page","link":"https:\/\/nwrrv.de\/?page_id=4716","title":{"rendered":"Informationen &#8211; Dance Camp 2026"},"content":{"rendered":"<p><!--StartFragment--><\/p>\n<p><!--StartFragment--><\/p>\n\n\n<h2 class=\"wp-block-heading\" id=\"\u00c4nderungen\"><strong>Durchf\u00fchrungszeitraum und -ort<\/strong><\/h2>\n\n\n\n<p>Das Boogie &amp; Swing Dance Camp 2026 findet vom 27. bis 29. M\u00e4rz 2026 in Xanten in Zusammenarbeit zwischen dem Nordrhein-Westf\u00e4lischen Rock &#8216;n&#8217; Roll-Verband e. V. (NWRRV) und den &#8220;Quibbles&#8221; der Tanzsportgemeinschaft Niederrhein e. V. statt.<br><\/p>\n\n\n\n<h2 class=\"wp-block-heading\" id=\"\u00c4nderungen\"><strong>Die Location: Jugendherberge Xanten<\/strong><\/h2>\n\n\n\n<p>Seit 2025 ist unser neues &#8220;Dance Camp Home&#8221; die <a href=\"https:\/\/www.jugendherberge.de\/jugendherbergen\/xanten\/\">Jugendhergerge Xanten<\/a>.<br>Dort ist Platz f\u00fcr alle zum Tanzen, Platz f\u00fcr alle zum Schlafen und Platz f\u00fcr Partys. Also alle und alles &#8220;unter einem Dach&#8221;. <br>Das wird sehr gesellig und &#8220;famili\u00e4r&#8221;, lehrreich und unterhaltsam &#8211; wir werden sicherlich wieder jede Menge Spa\u00df haben!<br><br><img loading=\"lazy\" decoding=\"async\" width=\"600\" height=\"338\" class=\"wp-image-4469\" style=\"width: 600px;\" src=\"https:\/\/nwrrv.de\/wp-content\/uploads\/2024\/10\/001_buehne_gross-webp.webp\" alt=\"\" srcset=\"https:\/\/nwrrv.de\/wp-content\/uploads\/2024\/10\/001_buehne_gross-webp.webp 1600w, https:\/\/nwrrv.de\/wp-content\/uploads\/2024\/10\/001_buehne_gross-webp-300x169.webp 300w, https:\/\/nwrrv.de\/wp-content\/uploads\/2024\/10\/001_buehne_gross-webp-1024x576.webp 1024w, https:\/\/nwrrv.de\/wp-content\/uploads\/2024\/10\/001_buehne_gross-webp-768x432.webp 768w, https:\/\/nwrrv.de\/wp-content\/uploads\/2024\/10\/001_buehne_gross-webp-1536x864.webp 1536w\" sizes=\"auto, (max-width: 600px) 100vw, 600px\" \/><br><br>Es handelt sich bei der Location zwar um eine Jugendherberge, aber diese ist eine der Moderneren in Deutschland. Es gibt ger\u00e4umige Zimmer und in jedem Zimmer ein eigenes Bad. Das einzige was an eine Jugendherberge erinnert sind die Stock-\/Etagenbetten, die es teilweise auf den Zimmern gibt.<\/p>\n\n\n\n<p><strong>F\u00fcr den unten genannten Teilnahmepreis bzw. das &#8220;Komplettangebot&#8221; bringen wir Euch zu zweit in einem Zimmer unter. Etwas g\u00fcnstiger wird es, wenn ihr zu viert in einem Zimmer schlafen m\u00f6chtet <\/strong>(siehe dazu auch die Infos beim letzten Punkt &#8220;Bringt eure Freunde oder Familienmitglieder als G\u00e4ste zur \u00dcbernachtung mit&#8221;).<br><\/p>\n\n\n\n<h4 class=\"wp-block-heading\"><strong>Die wichtigsten Punkte im Einzelnen:<\/strong><\/h4>\n\n\n\n<ul class=\"wp-block-list\">\n<li><strong>Start, Anreise bzw. Check-In bereits am Freitag<\/strong><br>Wir starten mit dem Dance Camp bereits am Freitagnachmittag (27.03.2026). Anreise und Check-In ist an diesem Tag ab 15:00 Uhr m\u00f6glich.<br>Ab 18:00 Uhr folgt die &#8220;Welcome-Party&#8221; inklusive Abendessen und offizieller Begr\u00fc\u00dfung in der Mensa.<br><br><\/li>\n\n\n\n<li><strong>Trainingsr\u00e4umlichkeiten, Unterkunft und Verpflegung in einem<\/strong><br>Wegen unseres &#8220;komplettangebot&#8221; ist es nicht m\u00f6glich am Dance Camp teilzunehmen, ohne die \u00dcbernachtungsm\u00f6glichkeit und die Verpflegung zu nutzen. <br><strong>Beim Buchen eurer Teilnahmepl\u00e4tze zahlt ihr beim &#8220;Komplettangebot&#8221; neben der Dance Camp-Teilnahme automatisch die Unterkunft, Vollpension und den Eintritt zu beiden Partys dazu.<br>Etwas g\u00fcnstiger wird es, wenn ihr das Mittagessen und\/oder Abendessen nicht mit bucht.<\/strong><br><br><\/li>\n\n\n\n<li><strong>Super-g\u00fcnstiges KOMPLETTANGEBOT<\/strong><br>Der NWRRV und die &#8220;Quibbles&#8221; k\u00f6nnen die gesamte Anlage nur inklusive \u00dcbernachtungen\/Zimmer und Verpflegung nutzen\/buchen.<br>Wir haben f\u00fcr euch dazu erneut ein super-g\u00fcnstiges Angebot zur Teilnahme am Dance Camp 2026 zusammengestellt:<br><strong>Das komplette Wochenende k\u00f6nnt ihr bereits ab 260 \u20ac pro Person buchen (f\u00fcr Mitglieder in einem NWRRV-Verein). <\/strong><br><br><strong>Darin sind enthalten:<\/strong><br>&#8211; die Dance-Camp-Teilnahme, <br>&#8211; 2 \u00dcbernachtungen (von Freitag bis Sonntag),<br>&#8211; 2 x Fr\u00fchst\u00fcck (Samstag und Sonntag)<br>&#8211; 4 x warme Mahlzeiten => 2 x Mittagsverpflegung (Samstag und Sonntag) und <br>  2 x Abendverpflegung (Freitag und Samstag) <br>&#8211; Getr\u00e4nke-Pauschale f\u00fcr alle drei Tage (Ausnahme: Partys)<br>&#8211; 2 x Party-Eintritt (Welcome-Party am Freitagabend + Dance Camp-Party am Samstagabend)<br><br>Bitte beachtet die unterschiedliche Preisstruktur zwischen Mitgliedschaft in einem NWRRV-Verein und Nicht-Mitgliedern des NWRRV.<br><br><\/li>\n\n\n\n<li><strong>Dance Camp Party ohne Liveband aber mit DJ<\/strong><br>Da wir das Dance Camp (wie im vergangenen Jahr) weiterhin erst mal &#8220;etwas kleiner&#8221; durchf\u00fchren werden, verzichten wir auch in diesem Jahr erst mal auf eine Liveband. Daf\u00fcr werden wir beide Partyabende mit Tanzmusik vom DJ durchf\u00fchren.<br><br><\/li>\n\n\n\n<li><strong>Bringt eure Freunde oder Familienmitglieder als G\u00e4ste zur \u00dcbernachtung mit auf euer Zimmer<\/strong><br>Um m\u00f6glichst viele Zimmer der Jugendherberge gut auszulasten, k\u00f6nnt ihr gerne eure Freunde oder Familienmitglieder mitbringen, um euer Zimmer &#8220;voll&#8221; zu machen. In Xanten (und Umgebung) gibt es sehr viel zu sehen und man kann dort auch ein tolles &#8220;Sightseeing-Wochenende&#8221; verbringen.<br>F\u00fcr nur 20 \u20ac pro Person k\u00f6nnt ihr G\u00e4ste mit \u00dcbernachtung und Fr\u00fchst\u00fcck auf euer Zimmer mit einbuchen. Sollte zudem Mittags- und\/oder Abendverpflegung erforderlich sein, kann dies ebenfalls f\u00fcr 10 \u20ac pro Person und Mahlzeit mitgebucht werden.<\/li>\n<\/ul>\n\n\n\n<hr class=\"wp-block-separator has-alpha-channel-opacity\"\/>\n\n\n\n<h2 class=\"wp-block-heading\" id=\"Trainingsgruppen\"><strong>Trainingsgruppen \/ Leistungsstufen<\/strong><\/h2>\n\n\n\n<p>Bitte sch\u00e4tzt euer Leistungsverm\u00f6gen selber ein, um euch bei der Buchung der Teilnahme f\u00fcr den richtigen Level bzw. die richtige Gruppe anzumelden. Seid dabei bitte ehrlich zu euch selber, gegen\u00fcber der Dance Camp-Organisation und damit auch zu euren mittanzenden Paaren in der Trainingsgruppe. <br>Kurz gesagt: <strong>\u00dcbersch\u00e4tzt euch bitte nicht! Danke!<\/strong><br>Die Level sind eindeutig beschrieben. Bitte richtet euch nach diesen Vorgaben!<\/p>\n\n\n\n<div class=\"wp-block-group has-background is-layout-flow wp-block-group-is-layout-flow\" style=\"background-color:#faf729\">\n<p><strong>Level\/Gruppe 2 &#8211; Mittelstufe (Intermediate):<\/strong><br>Paare mit sicherem Boogie-Grundschritt und sicherer Boogie-Basic. T\u00e4nzerisch seid ihr aktuell Hobby-\/Partyt\u00e4nzer, ihr tanzt mindestens seit einem Jahr und geht regelm\u00e4\u00dfig w\u00f6chentlich zum Training. Ihr habt schon ein gutes Repertoire an Basicfiguren und Varianten, k\u00f6nnt Lieder locker durchtanzen und wollt eure vorhandenen Kenntnisse als Hobbytanzpaar vertiefen. Neben neuen Figuren geht es f\u00fcr euch beim Dance Camp auch um Sicherheit beim F\u00fchren und Folgen, sowie eurem Taktgef\u00fchl und der Verfeinerung eures t\u00e4nzerischen K\u00f6nnens.<\/p>\n<\/div>\n\n\n\n<p><\/p>\n\n\n\n<div class=\"wp-block-group has-background is-layout-flow wp-block-group-is-layout-flow\" style=\"background-color:#fcb900c2\">\n<p><strong>Level\/Gruppe 3 &#8211;<\/strong> <strong>Mittelstufe\/Fortgeschrittene (Intermediate\/Advanced)<\/strong>:<br>Paare die mindestens zwei Grundschrittvarianten beherrschen (z.B. 4er-, 6er-, 8er-, 9er-Grunschritt) und ein gro\u00dfes Figurenrepertoire besitzen. Neben den regelm\u00e4\u00dfigen w\u00f6chentlichen Trainingseinheiten und Partybesuchen am Wochenende, stellt ihr euch gerne neuen Herausforderungen und wollt euer Musikverst\u00e4ndnis verbessern. In diesem Level solltet ihr in der Taktregion bis ca. 45 Takte pro Minute sicher sein.<\/p>\n<\/div>\n\n\n\n<p><\/p>\n\n\n\n<div class=\"wp-block-group has-background is-layout-constrained wp-block-group-is-layout-constrained\" style=\"background-color:#ff000082\">\n<p><strong>Level 4 &#8211;<\/strong> <strong>Show- und Turnier(anw\u00e4rter)-Stufe<\/strong>:<br>Paare, die B\u00fchnen- und\/oder Turniererfahrung haben oder beabsichtigen in das Breitensport- oder Sportturnier-Geschehen einzusteigen. Man m\u00f6chte an der Pr\u00e4sentation, der Aussenwirkung und der Leistungskurve schrauben und auch schnelle Takte jenseits der 45 Takte pro Minute meistern.<\/p>\n<\/div>\n\n\n\n<p><\/p>\n\n\n\n<h2 class=\"wp-block-heading\" id=\"Stundenplan\"><strong>Trainingsinhalte \/ Stundenplan<\/strong><\/h2>\n\n\n\n<p>Den zeitlichen Ablauf des Wochenendes entnehmt ihr bitte dem Stundenplan. <br>Bitte beachtet, dass dieser zum aktuellen Zeitpunkt noch <strong>vorl\u00e4ufig<\/strong> ist &#8211; die Inhalte werden wir mit der Zeit erg\u00e4nzen und k\u00f6nnen sich ggf. (auch kurzfristig) noch einmal \u00e4ndern.<\/p>\n\n\n\n<div class=\"wp-block-file\"><a id=\"wp-block-file--media-7cf4036f-7b72-46ed-a48b-f0cf2ffda943\" href=\"https:\/\/nwrrv.de\/wp-content\/uploads\/2025\/10\/20251028-Vorlaeufiger-Stundenplan-BSDC-2026.pdf\" target=\"_blank\" rel=\"noreferrer noopener\">20251028 Vorl\u00e4ufiger Stundenplan &#8211; BSDC 2026<\/a><a href=\"https:\/\/nwrrv.de\/wp-content\/uploads\/2025\/10\/20251028-Vorlaeufiger-Stundenplan-BSDC-2026.pdf\" class=\"wp-block-file__button wp-element-button\" download aria-describedby=\"wp-block-file--media-7cf4036f-7b72-46ed-a48b-f0cf2ffda943\">Herunterladen<\/a><\/div>\n\n\n\n<hr class=\"wp-block-separator has-css-opacity\"\/>\n\n\n\n<h2 class=\"wp-block-heading\"><strong>Check-In \/ Begr\u00fc\u00dfung<\/strong><\/h2>\n\n\n\n<p>Der Check-In zum Dance Camp ist am Freitag ab 15:00 Uhr m\u00f6glich. Der Check-In findet im Empfangsbereich (Rezeption) oder einem separaten (beschilderten) Raum der Jugendherberge Xanten statt. <br>Ab 18:00 Uhr startet in der Mensa die &#8220;Welcome Party&#8221;, inklusive Abendverpflegung und offizieller Begr\u00fc\u00dfung mit letzten Informationen zum Dance Camp-Start.<\/p>\n\n\n\n<hr class=\"wp-block-separator has-css-opacity\"\/>\n\n\n\n<hr class=\"wp-block-separator has-css-opacity\"\/>\n\n\n<p><!--StartFragment--><\/p>\n\n\n<h4 class=\"wp-block-heading\"><strong><span style=\"text-decoration: underline;\">Alle Informationen zum n\u00e4chsten Dance Camp:<\/span><\/strong><\/h4>\n\n\n\n<figure class=\"wp-block-table\"><table class=\"has-background\" style=\"background-color:#e9fbe5\"><tbody><tr><td class=\"has-text-align-left\" data-align=\"left\">&#8211; <a href=\"https:\/\/nwrrv.de\/?page_id=4714\" data-type=\"page\" data-id=\"3244\">Unsere Trainerteam \u2013 Dance Camp 2026<\/a><br>&#8211; <a href=\"https:\/\/nwrrv.de\/?page_id=4716\" data-type=\"page\" data-id=\"4165\">Informationen \u2013 Dance Camp 2026<\/a><br>&#8211; <a href=\"https:\/\/nwrrv.de\/?page_id=4736\" data-type=\"page\" data-id=\"3257\">Dance Camp Partys 2026<\/a><br>&#8211; <a href=\"https:\/\/nwrrv.de\/?page_id=4741\" data-type=\"page\" data-id=\"4358\">Bedingungen zu Foto-\/Videoaufnahmen und Stornierung\/Kostenerstattung \u2013 Dance Camp 2026<\/a><br>&#8211; <a href=\"https:\/\/nwrrv.de\/?page_id=4718\" data-type=\"page\" data-id=\"3246\">Preise und Anmeldung \u2013 Dance Camp 2026<\/a><\/td><\/tr><\/tbody><\/table><\/figure>\n\n\n<p><!--EndFragment--><\/p>\n<p><!--EndFragment--><\/p>\n<p><!--EndFragment--><\/p>","protected":false},"excerpt":{"rendered":"<p>Durchf\u00fchrungszeitraum und -ort Das Boogie &amp; Swing Dance Camp 2026 findet vom 27. bis 29. M\u00e4rz 2026 in Xanten in<\/p>\n","protected":false},"author":9,"featured_media":0,"parent":2974,"menu_order":2,"comment_status":"closed","ping_status":"closed","template":"","meta":{"colormag_page_container_layout":"default_layout","colormag_page_sidebar_layout":"default_layout","footnotes":"","_links_to":"","_links_to_target":""},"class_list":["post-4716","page","type-page","status-publish","hentry"],"jetpack_shortlink":"https:\/\/wp.me\/P4OolM-1e4","jetpack_sharing_enabled":true,"_links":{"self":[{"href":"https:\/\/nwrrv.de\/index.php?rest_route=\/wp\/v2\/pages\/4716","targetHints":{"allow":["GET"]}}],"collection":[{"href":"https:\/\/nwrrv.de\/index.php?rest_route=\/wp\/v2\/pages"}],"about":[{"href":"https:\/\/nwrrv.de\/index.php?rest_route=\/wp\/v2\/types\/page"}],"author":[{"embeddable":true,"href":"https:\/\/nwrrv.de\/index.php?rest_route=\/wp\/v2\/users\/9"}],"replies":[{"embeddable":true,"href":"https:\/\/nwrrv.de\/index.php?rest_route=%2Fwp%2Fv2%2Fcomments&post=4716"}],"version-history":[{"count":14,"href":"https:\/\/nwrrv.de\/index.php?rest_route=\/wp\/v2\/pages\/4716\/revisions"}],"predecessor-version":[{"id":4870,"href":"https:\/\/nwrrv.de\/index.php?rest_route=\/wp\/v2\/pages\/4716\/revisions\/4870"}],"up":[{"embeddable":true,"href":"https:\/\/nwrrv.de\/index.php?rest_route=\/wp\/v2\/pages\/2974"}],"wp:attachment":[{"href":"https:\/\/nwrrv.de\/index.php?rest_route=%2Fwp%2Fv2%2Fmedia&parent=4716"}],"curies":[{"name":"wp","href":"https:\/\/api.w.org\/{rel}","templated":true}]}}