{"id":4299,"date":"2024-10-11T13:59:33","date_gmt":"2024-10-11T11:59:33","guid":{"rendered":"https:\/\/nwrrv.de\/?page_id=4299"},"modified":"2025-09-13T12:09:34","modified_gmt":"2025-09-13T10:09:34","slug":"boogie-swing-dance-camp-ger-2-2","status":"publish","type":"page","link":"https:\/\/nwrrv.de\/?page_id=4299","title":{"rendered":"Boogie &amp; Swing Dance Camp Historie"},"content":{"rendered":"<figure class=\"wp-block-image alignright size-large\"><a href=\"https:\/\/nwrrv.de\/?page_id=3089(\u00f6ffnet in neuem Tab)\"><img decoding=\"async\" src=\"https:\/\/nwrrv.de\/wp-content\/uploads\/2020\/01\/flag_eng.jpg\" alt=\"To english version\" class=\"wp-image-3120\"\/><\/a><\/figure>\n\n\n\n<div class=\"wp-block-columns is-layout-flex wp-container-core-columns-is-layout-28f84493 wp-block-columns-is-layout-flex\">\n<div class=\"wp-block-column is-layout-flow wp-block-column-is-layout-flow\">\n<figure class=\"wp-block-image size-large\"><img loading=\"lazy\" decoding=\"async\" width=\"600\" height=\"179\" src=\"https:\/\/nwrrv.de\/wp-content\/uploads\/2019\/12\/NWRRV_Logo_10-1.jpg\" alt=\"\" class=\"wp-image-2984\" srcset=\"https:\/\/nwrrv.de\/wp-content\/uploads\/2019\/12\/NWRRV_Logo_10-1.jpg 600w, https:\/\/nwrrv.de\/wp-content\/uploads\/2019\/12\/NWRRV_Logo_10-1-300x90.jpg 300w\" sizes=\"auto, (max-width: 600px) 100vw, 600px\" \/><figcaption class=\"wp-element-caption\">Der Nordrhein-Westf\u00e4lische Rock &#8216;n&#8217; Roll-Verband e.V.<\/figcaption><\/figure>\n<\/div>\n\n\n\n<div class=\"wp-block-column is-layout-flow wp-block-column-is-layout-flow\">\n<h3 class=\"wp-block-heading has-text-align-center\"><br>und die<\/h3>\n<\/div>\n\n\n\n<div class=\"wp-block-column is-layout-flow wp-block-column-is-layout-flow\">\n<figure class=\"wp-block-image size-large\"><img loading=\"lazy\" decoding=\"async\" width=\"1024\" height=\"333\" src=\"https:\/\/nwrrv.de\/wp-content\/uploads\/2019\/12\/logo-1024x333.jpg\" alt=\"\" class=\"wp-image-2985\" srcset=\"https:\/\/nwrrv.de\/wp-content\/uploads\/2019\/12\/logo-1024x333.jpg 1024w, https:\/\/nwrrv.de\/wp-content\/uploads\/2019\/12\/logo-300x98.jpg 300w, https:\/\/nwrrv.de\/wp-content\/uploads\/2019\/12\/logo-768x250.jpg 768w, https:\/\/nwrrv.de\/wp-content\/uploads\/2019\/12\/logo-1536x500.jpg 1536w, https:\/\/nwrrv.de\/wp-content\/uploads\/2019\/12\/logo.jpg 1663w\" sizes=\"auto, (max-width: 1024px) 100vw, 1024px\" \/><figcaption class=\"wp-element-caption\">&#8220;Quibbles&#8221; der Tanzsportgemeinschaft Niederrhein e.V.<\/figcaption><\/figure>\n<\/div>\n<\/div>\n\n\n\n<p>Jedes Jahr im Fr\u00fchjahr f\u00fchrt der Nordrhein-Westf\u00e4lische Rock &#8216;n&#8217; Roll Verband e.V. das &#8220;Boogie &amp; Swing Dance Camp&#8221; (fr\u00fcher &#8220;Boogie &amp; Swing Seminar&#8221; durch.<br>In den Jahren von 2005 bis 2010 fand das Dance Camp in Dortmund statt. Seit dem Jahr 2013 findet es in Zusammenarbeit mit den &#8220;Quibbles&#8221; der Tanzsportgemeinschaft Niederrhein e.V. in Xanten statt.<\/p>\n\n\n\n<p>In den vergangenen Jahren nahemn dabei etwa 50-70 Paare in unterschiedlichen Leveln am Dance Camp teil. Bisher hatten wir bereits teilnehmende Paare aus fast allen deutschen Bundesl\u00e4ndern, aus dem n\u00e4heren Grenzbereich aus Belgien und den Niederlanden, aber auch bereits Paare oder Personen aus \u00d6sterreich, der Schweiz, Frankreich und Russland.<br>Trainiert werden die Paare dabei in der Regel von einem nationalen und internationalen Trainerteam, bestehend aus 3-5 Traainerpaaren. In den vergangenen Jahren konnten wir hierbei auf folgende tolle Trainerpaare zur\u00fcckgreifen:<\/p>\n\n\n\n<ul class=\"wp-block-list\">\n<li>Agnieszka &amp; Grzegorz Cherubinski (POL)<\/li>\n\n\n\n<li>Andrea &amp; Michael G\u00fcnther (GER)<\/li>\n\n\n\n<li>Kerstin &amp; Johannes Hien (GER)<\/li>\n\n\n\n<li>Jessica Kaiser &amp; Markus Kakuska (AUT)<\/li>\n\n\n\n<li>B\u00e4rbel Kaufer &amp; Markus Koch (GER)<\/li>\n\n\n\n<li>Elsa K\u00f6ck &amp; Andreas Aigner (AUT)<\/li>\n\n\n\n<li>Veronika Pfeffer &amp; Florian Pogats (GER)<\/li>\n\n\n\n<li>Olivia Rietze &amp; Felix Becker (GER)<\/li>\n\n\n\n<li>Sabine &amp; Marco Rissmann (GER)<\/li>\n\n\n\n<li>und einige mehr<\/li>\n<\/ul>\n\n\n\n<hr class=\"wp-block-separator has-alpha-channel-opacity\"\/>\n\n\n\n<h2 class=\"wp-block-heading\">Das Boogie &amp; Swing Dance Camp auf Youtube<\/h2>\n\n\n\n<figure class=\"wp-block-embed is-type-video is-provider-youtube wp-block-embed-youtube\"><div class=\"wp-block-embed__wrapper\">\n<span class=\"embed-youtube\" style=\"text-align:center; display: block;\"><iframe loading=\"lazy\" class=\"youtube-player\" width=\"800\" height=\"450\" src=\"https:\/\/www.youtube.com\/embed\/-V1aSzSlFsE?version=3&#038;rel=1&#038;showsearch=0&#038;showinfo=1&#038;iv_load_policy=1&#038;fs=1&#038;hl=de-DE&#038;autohide=2&#038;wmode=transparent\" allowfullscreen=\"true\" style=\"border:0;\" sandbox=\"allow-scripts allow-same-origin allow-popups allow-presentation allow-popups-to-escape-sandbox\"><\/iframe><\/span>\n<\/div><figcaption class=\"wp-element-caption\">Boogie &amp; Swing 2015<\/figcaption><\/figure>\n\n\n\n<figure class=\"wp-block-embed is-type-video is-provider-youtube wp-block-embed-youtube\"><div class=\"wp-block-embed__wrapper\">\n<span class=\"embed-youtube\" style=\"text-align:center; display: block;\"><iframe loading=\"lazy\" class=\"youtube-player\" width=\"800\" height=\"450\" src=\"https:\/\/www.youtube.com\/embed\/hTNq_0khLe0?version=3&#038;rel=1&#038;showsearch=0&#038;showinfo=1&#038;iv_load_policy=1&#038;fs=1&#038;hl=de-DE&#038;autohide=2&#038;wmode=transparent\" allowfullscreen=\"true\" style=\"border:0;\" sandbox=\"allow-scripts allow-same-origin allow-popups allow-presentation allow-popups-to-escape-sandbox\"><\/iframe><\/span>\n<\/div><figcaption class=\"wp-element-caption\">Boogie &amp; Swing 2016<\/figcaption><\/figure>\n\n\n\n<figure class=\"wp-block-embed is-type-video is-provider-youtube wp-block-embed-youtube\"><div class=\"wp-block-embed__wrapper\">\n<span class=\"embed-youtube\" style=\"text-align:center; display: block;\"><iframe loading=\"lazy\" class=\"youtube-player\" width=\"800\" height=\"450\" src=\"https:\/\/www.youtube.com\/embed\/f3-LW3a02Qo?version=3&#038;rel=1&#038;showsearch=0&#038;showinfo=1&#038;iv_load_policy=1&#038;fs=1&#038;hl=de-DE&#038;autohide=2&#038;wmode=transparent\" allowfullscreen=\"true\" style=\"border:0;\" sandbox=\"allow-scripts allow-same-origin allow-popups allow-presentation allow-popups-to-escape-sandbox\"><\/iframe><\/span>\n<\/div><figcaption class=\"wp-element-caption\">Boogie &amp; Swing 2016 &#8211; Trainer-Show<\/figcaption><\/figure>\n\n\n\n<p>Leider konnte das Dance Camp in den Jahren 2020 und 2021 auf Grund der COVID-19-Pandemie nicht stattfinden. <br>In den Jahren 2022 und 2023 konnten uns leider die \u00fcblichen Dance Camp-R\u00e4umlichkeiten durch die Stadt Xanten nicht zur Verf\u00fcgung gestellt werden.<\/p>\n\n\n\n<hr class=\"wp-block-separator has-css-opacity\"\/>","protected":false},"excerpt":{"rendered":"<p>und die Jedes Jahr im Fr\u00fchjahr f\u00fchrt der Nordrhein-Westf\u00e4lische Rock &#8216;n&#8217; Roll Verband e.V. das &#8220;Boogie &amp; Swing Dance Camp&#8221;<\/p>\n","protected":false},"author":9,"featured_media":0,"parent":0,"menu_order":0,"comment_status":"closed","ping_status":"closed","template":"","meta":{"colormag_page_container_layout":"default_layout","colormag_page_sidebar_layout":"default_layout","footnotes":"","_links_to":"","_links_to_target":""},"class_list":["post-4299","page","type-page","status-publish","hentry"],"jetpack_shortlink":"https:\/\/wp.me\/P4OolM-17l","jetpack_sharing_enabled":true,"_links":{"self":[{"href":"https:\/\/nwrrv.de\/index.php?rest_route=\/wp\/v2\/pages\/4299","targetHints":{"allow":["GET"]}}],"collection":[{"href":"https:\/\/nwrrv.de\/index.php?rest_route=\/wp\/v2\/pages"}],"about":[{"href":"https:\/\/nwrrv.de\/index.php?rest_route=\/wp\/v2\/types\/page"}],"author":[{"embeddable":true,"href":"https:\/\/nwrrv.de\/index.php?rest_route=\/wp\/v2\/users\/9"}],"replies":[{"embeddable":true,"href":"https:\/\/nwrrv.de\/index.php?rest_route=%2Fwp%2Fv2%2Fcomments&post=4299"}],"version-history":[{"count":10,"href":"https:\/\/nwrrv.de\/index.php?rest_route=\/wp\/v2\/pages\/4299\/revisions"}],"predecessor-version":[{"id":4705,"href":"https:\/\/nwrrv.de\/index.php?rest_route=\/wp\/v2\/pages\/4299\/revisions\/4705"}],"wp:attachment":[{"href":"https:\/\/nwrrv.de\/index.php?rest_route=%2Fwp%2Fv2%2Fmedia&parent=4299"}],"curies":[{"name":"wp","href":"https:\/\/api.w.org\/{rel}","templated":true}]}}