{"id":3244,"date":"2020-01-14T21:09:31","date_gmt":"2020-01-14T19:09:31","guid":{"rendered":"https:\/\/nwrrv.de\/?page_id=3244"},"modified":"2025-04-09T13:31:58","modified_gmt":"2025-04-09T11:31:58","slug":"unsere-trainer-fuer-das-dance-camp-2","status":"publish","type":"page","link":"https:\/\/nwrrv.de\/?page_id=3244","title":{"rendered":"Unsere Trainerteam &#8211; Dance Camp 2025"},"content":{"rendered":"<p><!--StartFragment--><\/p>\n\n\n<h2 class=\"wp-block-heading\"><strong>Andrea und Michael G\u00fcnther<\/strong> (Moers)<\/h2>\n\n\n\n<figure class=\"wp-block-gallery has-nested-images columns-default is-cropped wp-block-gallery-1 is-layout-flex wp-block-gallery-is-layout-flex\">\n<figure class=\"wp-block-image size-large\"><a href=\"https:\/\/nwrrv.de\/wp-content\/uploads\/2024\/10\/Unbenannt.jpg\"><img loading=\"lazy\" decoding=\"async\" width=\"1024\" height=\"950\" data-id=\"4380\" src=\"https:\/\/nwrrv.de\/wp-content\/uploads\/2024\/10\/Unbenannt.jpg\" alt=\"\" class=\"wp-image-4380\" srcset=\"https:\/\/nwrrv.de\/wp-content\/uploads\/2024\/10\/Unbenannt.jpg 1024w, https:\/\/nwrrv.de\/wp-content\/uploads\/2024\/10\/Unbenannt-300x278.jpg 300w, https:\/\/nwrrv.de\/wp-content\/uploads\/2024\/10\/Unbenannt-768x713.jpg 768w\" sizes=\"auto, (max-width: 1024px) 100vw, 1024px\" \/><\/a><\/figure>\n\n\n\n<figure class=\"wp-block-image size-large\"><a href=\"https:\/\/nwrrv.de\/wp-content\/uploads\/2024\/10\/thumb_2015-02550_1024.jpg\"><img loading=\"lazy\" decoding=\"async\" width=\"506\" height=\"694\" data-id=\"4379\" src=\"https:\/\/nwrrv.de\/wp-content\/uploads\/2024\/10\/thumb_2015-02550_1024.jpg\" alt=\"\" class=\"wp-image-4379\" srcset=\"https:\/\/nwrrv.de\/wp-content\/uploads\/2024\/10\/thumb_2015-02550_1024.jpg 506w, https:\/\/nwrrv.de\/wp-content\/uploads\/2024\/10\/thumb_2015-02550_1024-219x300.jpg 219w\" sizes=\"auto, (max-width: 506px) 100vw, 506px\" \/><\/a><\/figure>\n\n\n\n<figure class=\"wp-block-image size-large\"><a href=\"https:\/\/nwrrv.de\/wp-content\/uploads\/2024\/10\/image4.jpeg\"><img loading=\"lazy\" decoding=\"async\" width=\"1000\" height=\"563\" data-id=\"4375\" src=\"https:\/\/nwrrv.de\/wp-content\/uploads\/2024\/10\/image4.jpeg\" alt=\"\" class=\"wp-image-4375\" srcset=\"https:\/\/nwrrv.de\/wp-content\/uploads\/2024\/10\/image4.jpeg 1000w, https:\/\/nwrrv.de\/wp-content\/uploads\/2024\/10\/image4-300x169.jpeg 300w, https:\/\/nwrrv.de\/wp-content\/uploads\/2024\/10\/image4-768x432.jpeg 768w\" sizes=\"auto, (max-width: 1000px) 100vw, 1000px\" \/><\/a><\/figure>\n<\/figure>\n\n\n\n<p>Andrea und Michael (Instagram: <a href=\"https:\/\/www.instagram.com\/dieschruenthers\/\">@dieschruenthers<\/a>) tanzen schon eine gef\u00fchlte Ewigkeit miteinander und geh\u00f6ren f\u00fcr unser Dance Camp seit vielen Jahren immer wieder zum Trainerteam. Die Paare, die an ihren Einheiten teilnehmen schw\u00e4rmen immer wieder von ihnen als \u201eGef\u00fchlst\u00e4nzer\u201c, weil sie in erster Linie die Lebensfreude und den Spa\u00df des Boogie-Woogie bzw. der Boogie-Musik vermitteln und wie man dies t\u00e4nzerisch umsetzen kann.<\/p>\n\n\n\n<p>Die \u201eSchr\u00fcnthers\u201c (wie sie in der nationalen Boogie-Szene auch genannt werden) waren \u00fcber viele Jahre Mitglieder im deutschen Boogie-Woogie-Nationalkader &#8211; zun\u00e4chst in der Main-Class, sp\u00e4ter auch in der Senior-Class. Als Turnierpaar erreichten sie mehrfach den Titel des Landesmeisters NRW und wurden zudem Norddeutsche Meister. Andrea ertanzte sich mit ihrem vorherigen Tanzpartner den Europameistertitel in der Main Class. <\/p>\n\n\n\n<p>Aktuell konzentrieren sich die beiden darauf \u201eauszureizen\u201c, was man alles mit dem Swing-Dance machen kann. Dabei schaffen sie es immer wieder ihre Zuschauer vor allem in ihren Shows und Darbietungen zu begeistern, denn hier toben sich die beiden dann gerne auch mal auf besonders witzige Art und Weise aus, oder verzaubern das Publikum mit einer ganz ruhigen und \u201esmoothen\u201c Performance, die auch schon mal ganz fernab von einer klassischen Boogie-Woogie-Show sein kann.<\/p>\n\n\n\n<hr class=\"wp-block-separator has-alpha-channel-opacity\"\/>\n\n\n\n<h2 class=\"wp-block-heading\"><strong>Carla Pollack &amp; Nino Haydl <\/strong>(Kirchdorf)<\/h2>\n\n\n\n<figure class=\"wp-block-gallery has-nested-images columns-default is-cropped wp-block-gallery-2 is-layout-flex wp-block-gallery-is-layout-flex\">\n<figure class=\"wp-block-image size-large\"><a href=\"https:\/\/nwrrv.de\/wp-content\/uploads\/2024\/10\/Portrait-CN.jpg\"><img loading=\"lazy\" decoding=\"async\" width=\"1024\" height=\"1024\" data-id=\"4151\" src=\"https:\/\/nwrrv.de\/wp-content\/uploads\/2024\/10\/Portrait-CN-1024x1024.jpg\" alt=\"\" class=\"wp-image-4151\" srcset=\"https:\/\/nwrrv.de\/wp-content\/uploads\/2024\/10\/Portrait-CN-1024x1024.jpg 1024w, https:\/\/nwrrv.de\/wp-content\/uploads\/2024\/10\/Portrait-CN-300x300.jpg 300w, https:\/\/nwrrv.de\/wp-content\/uploads\/2024\/10\/Portrait-CN-150x150.jpg 150w, https:\/\/nwrrv.de\/wp-content\/uploads\/2024\/10\/Portrait-CN-768x768.jpg 768w, https:\/\/nwrrv.de\/wp-content\/uploads\/2024\/10\/Portrait-CN-1536x1536.jpg 1536w, https:\/\/nwrrv.de\/wp-content\/uploads\/2024\/10\/Portrait-CN.jpg 2048w\" sizes=\"auto, (max-width: 1024px) 100vw, 1024px\" \/><\/a><\/figure>\n\n\n\n<figure class=\"wp-block-image size-large\"><a href=\"https:\/\/nwrrv.de\/wp-content\/uploads\/2024\/10\/Tanzfoto-CN.jpg\"><img loading=\"lazy\" decoding=\"async\" width=\"739\" height=\"1024\" data-id=\"4152\" src=\"https:\/\/nwrrv.de\/wp-content\/uploads\/2024\/10\/Tanzfoto-CN-739x1024.jpg\" alt=\"\" class=\"wp-image-4152\" srcset=\"https:\/\/nwrrv.de\/wp-content\/uploads\/2024\/10\/Tanzfoto-CN-739x1024.jpg 739w, https:\/\/nwrrv.de\/wp-content\/uploads\/2024\/10\/Tanzfoto-CN-217x300.jpg 217w, https:\/\/nwrrv.de\/wp-content\/uploads\/2024\/10\/Tanzfoto-CN-768x1064.jpg 768w, https:\/\/nwrrv.de\/wp-content\/uploads\/2024\/10\/Tanzfoto-CN-1109x1536.jpg 1109w, https:\/\/nwrrv.de\/wp-content\/uploads\/2024\/10\/Tanzfoto-CN.jpg 1155w\" sizes=\"auto, (max-width: 739px) 100vw, 739px\" \/><\/a><\/figure>\n<\/figure>\n\n\n\n<p>Carla und Nino (Instagram: <a href=\"https:\/\/www.instagram.com\/car_ninchen\/\">@car_ninchen<\/a>) sind seit zwei Jahren ein Tanzpaar und Drittplatzierte der Deutschen Meisterschaft 2024. Als Teil des deutschen Bundeskaders Boogie-Woogie starten sie zudem auf internationalen Turnieren.<\/p>\n\n\n\n<p>Mit ihrer lockeren und lustigen Art unterrichten die beiden auf zahlreichen Workshops und Festivals \u2013 und das nicht nur in Deutschland, wie etwa zwei Jahre in Folge auf dem Boogie B\u00e4ren Dance Camp (BBDC) oder als erstes Boogie-Paar beim Berlin Dance Festival 2024, sondern auch international als Teacher beim Boogie Feet\u2019s Festival in Norwegen.<\/p>\n\n\n\n<p>Getreu dem Motto \u201eIt don\u2019t mean a thing if it ain\u2019t got that swing\u201c steht f\u00fcr beide die Musik an erster Stelle. Wenn Carla mit ihrer Band &#8220;Carla And The Great Balls On Fire&#8221; (CATGBOF) singt, ist Nino nicht weit weg. Gemeinsam die Musik f\u00fchlen &#8211; das bedeutet f\u00fcr sie Tanzen.<\/p>\n\n\n\n<hr class=\"wp-block-separator has-alpha-channel-opacity\"\/>\n\n\n\n<h2 class=\"wp-block-heading\"><strong>Tamara Singer &amp; Christoph Pecher <\/strong>(Kirchdorf)<\/h2>\n\n\n\n<div class=\"wp-block-jetpack-tiled-gallery aligncenter is-style-rectangular\"><div class=\"\"><div class=\"tiled-gallery__gallery\"><div class=\"tiled-gallery__row\"><div class=\"tiled-gallery__col\" style=\"flex-basis:53.77539%\"><figure class=\"tiled-gallery__item\"><img decoding=\"async\" srcset=\"https:\/\/i0.wp.com\/nwrrv.de\/wp-content\/uploads\/2024\/10\/WhatsApp-Bild-2024-09-26-um-20.29.50_24a39aaf-710x1024.jpg?strip=info&#038;w=600&#038;ssl=1 600w,https:\/\/i0.wp.com\/nwrrv.de\/wp-content\/uploads\/2024\/10\/WhatsApp-Bild-2024-09-26-um-20.29.50_24a39aaf-710x1024.jpg?strip=info&#038;w=900&#038;ssl=1 900w,https:\/\/i0.wp.com\/nwrrv.de\/wp-content\/uploads\/2024\/10\/WhatsApp-Bild-2024-09-26-um-20.29.50_24a39aaf-710x1024.jpg?strip=info&#038;w=1080&#038;ssl=1 1080w\" alt=\"\" data-height=\"1558\" data-id=\"4118\" data-link=\"https:\/\/nwrrv.de\/?attachment_id=4118\" data-url=\"https:\/\/nwrrv.de\/wp-content\/uploads\/2024\/10\/WhatsApp-Bild-2024-09-26-um-20.29.50_24a39aaf-710x1024.jpg\" data-width=\"1080\" src=\"https:\/\/i0.wp.com\/nwrrv.de\/wp-content\/uploads\/2024\/10\/WhatsApp-Bild-2024-09-26-um-20.29.50_24a39aaf-710x1024.jpg?ssl=1\" data-amp-layout=\"responsive\" tabindex=\"0\" role=\"button\" aria-label=\"Bild\u00a01 von 3 im Vollbildmodus \u00f6ffnen\"\/><\/figure><\/div><div class=\"tiled-gallery__col\" style=\"flex-basis:46.22461%\"><figure class=\"tiled-gallery__item\"><img decoding=\"async\" srcset=\"https:\/\/i0.wp.com\/nwrrv.de\/wp-content\/uploads\/2024\/10\/WhatsApp-Bild-2024-09-26-um-20.29.51_67e59702-1024x987.jpg?strip=info&#038;w=600&#038;ssl=1 600w,https:\/\/i0.wp.com\/nwrrv.de\/wp-content\/uploads\/2024\/10\/WhatsApp-Bild-2024-09-26-um-20.29.51_67e59702-1024x987.jpg?strip=info&#038;w=900&#038;ssl=1 900w,https:\/\/i0.wp.com\/nwrrv.de\/wp-content\/uploads\/2024\/10\/WhatsApp-Bild-2024-09-26-um-20.29.51_67e59702-1024x987.jpg?strip=info&#038;w=1200&#038;ssl=1 1200w,https:\/\/i0.wp.com\/nwrrv.de\/wp-content\/uploads\/2024\/10\/WhatsApp-Bild-2024-09-26-um-20.29.51_67e59702-1024x987.jpg?strip=info&#038;w=1500&#038;ssl=1 1500w,https:\/\/i0.wp.com\/nwrrv.de\/wp-content\/uploads\/2024\/10\/WhatsApp-Bild-2024-09-26-um-20.29.51_67e59702-1024x987.jpg?strip=info&#038;w=1800&#038;ssl=1 1800w,https:\/\/i0.wp.com\/nwrrv.de\/wp-content\/uploads\/2024\/10\/WhatsApp-Bild-2024-09-26-um-20.29.51_67e59702-1024x987.jpg?strip=info&#038;w=1922&#038;ssl=1 1922w\" alt=\"\" data-height=\"1852\" data-id=\"4122\" data-link=\"https:\/\/nwrrv.de\/?attachment_id=4122\" data-url=\"https:\/\/nwrrv.de\/wp-content\/uploads\/2024\/10\/WhatsApp-Bild-2024-09-26-um-20.29.51_67e59702-1024x987.jpg\" data-width=\"1922\" src=\"https:\/\/i0.wp.com\/nwrrv.de\/wp-content\/uploads\/2024\/10\/WhatsApp-Bild-2024-09-26-um-20.29.51_67e59702-1024x987.jpg?ssl=1\" data-amp-layout=\"responsive\" tabindex=\"0\" role=\"button\" aria-label=\"Bild\u00a02 von 3 im Vollbildmodus \u00f6ffnen\"\/><\/figure><figure class=\"tiled-gallery__item\"><img decoding=\"async\" srcset=\"https:\/\/i0.wp.com\/nwrrv.de\/wp-content\/uploads\/2024\/10\/WhatsApp-Bild-2024-09-26-um-20.29.51_8ca2ce6e-1024x725.jpg?strip=info&#038;w=600&#038;ssl=1 600w,https:\/\/i0.wp.com\/nwrrv.de\/wp-content\/uploads\/2024\/10\/WhatsApp-Bild-2024-09-26-um-20.29.51_8ca2ce6e-1024x725.jpg?strip=info&#038;w=900&#038;ssl=1 900w,https:\/\/i0.wp.com\/nwrrv.de\/wp-content\/uploads\/2024\/10\/WhatsApp-Bild-2024-09-26-um-20.29.51_8ca2ce6e-1024x725.jpg?strip=info&#038;w=1200&#038;ssl=1 1200w,https:\/\/i0.wp.com\/nwrrv.de\/wp-content\/uploads\/2024\/10\/WhatsApp-Bild-2024-09-26-um-20.29.51_8ca2ce6e-1024x725.jpg?strip=info&#038;w=1236&#038;ssl=1 1236w\" alt=\"\" data-height=\"875\" data-id=\"4120\" data-link=\"https:\/\/nwrrv.de\/?attachment_id=4120\" data-url=\"https:\/\/nwrrv.de\/wp-content\/uploads\/2024\/10\/WhatsApp-Bild-2024-09-26-um-20.29.51_8ca2ce6e-1024x725.jpg\" data-width=\"1236\" src=\"https:\/\/i0.wp.com\/nwrrv.de\/wp-content\/uploads\/2024\/10\/WhatsApp-Bild-2024-09-26-um-20.29.51_8ca2ce6e-1024x725.jpg?ssl=1\" data-amp-layout=\"responsive\" tabindex=\"0\" role=\"button\" aria-label=\"Bild\u00a03 von 3 im Vollbildmodus \u00f6ffnen\"\/><\/figure><\/div><\/div><\/div><\/div><\/div>\n\n\n\n<div class=\"wp-block-group is-layout-flow wp-block-group-is-layout-flow\">\n<p>Mit 11 Jahren entdeckte Christoph seine Leidenschaft f\u00fcr das Tanzen und begann auch bald, erfolgreich an Turnieren teilzunehmen. Er wurde sowohl in der Junioren- wie auch in der Hauptklasse Deutscher Meister und hat auch als Trainer bereits den ein oder anderen Junioren-Weltmeister hervorgebracht. Au\u00dferdem f\u00fchrt er seit 2017 als erster Vorsitzende erfolgreich seinen eigenen Verein: Die Boogieschmiede.<\/p>\n\n\n\n<p>Tamara (&#8220;Tamy&#8221;) entdeckte erst sp\u00e4ter und durch reinen Zufall ihre Liebe zu den Swingt\u00e4nzen und der Musik der 50er-Jahre. Auch sie hat bereits an mehreren Turnieren teilgenommen und unterrichtet seit einigen Jahren bei den Boogie B\u00e4ren und im Vintage Club M\u00fcnchen. Au\u00dfer Boogie-Woogie gibt sie auch Kurse f\u00fcr Solo Jazz\/Charleston und ist Teil des Solo-Swing-Duos \u201eFine allein\u201c.<\/p>\n\n\n\n<p>Beide (Instagram: <a href=\"https:\/\/www.instagram.com\/tamychristoph\/\">@tamychristoph<\/a>) interessieren sich nicht nur f\u00fcr Boogie-Woogie, sondern verbinden gerne Elemente aus verschiedenen Swing-T\u00e4nzen miteinander. Musikinterpretation, Herzblut und Kreativit\u00e4t beim Tanzen stehen bei den beiden an erster Stelle. Tamara und Christoph tanzen aktiv als Turniertanzpaar in der Main-Class und konnten 2022 den 1. Platz in der Deutschen Meisterschaft Boogie-Woogie erk\u00e4mpfen.<\/p>\n\n\n\n<hr class=\"wp-block-separator has-alpha-channel-opacity\"\/>\n\n\n\n<hr class=\"wp-block-separator has-css-opacity\"\/>\n<\/div>\n\n\n\n<h2 class=\"wp-block-heading\"><strong>Sabrina &amp; Nico Soeradhiningrat<\/strong> (N\u00fcrnberg)<\/h2>\n\n\n\n<div class=\"wp-block-jetpack-tiled-gallery aligncenter is-style-rectangular\"><div class=\"\"><div class=\"tiled-gallery__gallery\"><div class=\"tiled-gallery__row\"><div class=\"tiled-gallery__col\" style=\"flex-basis:51.11243%\"><figure class=\"tiled-gallery__item\"><img decoding=\"async\" srcset=\"https:\/\/i0.wp.com\/nwrrv.de\/wp-content\/uploads\/2024\/10\/WhatsApp-Bild-2024-10-04-um-08.07.18_013fc563-1024x616.jpg?strip=info&#038;w=600&#038;ssl=1 600w,https:\/\/i0.wp.com\/nwrrv.de\/wp-content\/uploads\/2024\/10\/WhatsApp-Bild-2024-10-04-um-08.07.18_013fc563-1024x616.jpg?strip=info&#038;w=900&#038;ssl=1 900w,https:\/\/i0.wp.com\/nwrrv.de\/wp-content\/uploads\/2024\/10\/WhatsApp-Bild-2024-10-04-um-08.07.18_013fc563-1024x616.jpg?strip=info&#038;w=1200&#038;ssl=1 1200w,https:\/\/i0.wp.com\/nwrrv.de\/wp-content\/uploads\/2024\/10\/WhatsApp-Bild-2024-10-04-um-08.07.18_013fc563-1024x616.jpg?strip=info&#038;w=1500&#038;ssl=1 1500w,https:\/\/i0.wp.com\/nwrrv.de\/wp-content\/uploads\/2024\/10\/WhatsApp-Bild-2024-10-04-um-08.07.18_013fc563-1024x616.jpg?strip=info&#038;w=1600&#038;ssl=1 1600w\" alt=\"\" data-height=\"962\" data-id=\"4153\" data-link=\"https:\/\/nwrrv.de\/?attachment_id=4153\" data-url=\"https:\/\/nwrrv.de\/wp-content\/uploads\/2024\/10\/WhatsApp-Bild-2024-10-04-um-08.07.18_013fc563-1024x616.jpg\" data-width=\"1600\" src=\"https:\/\/i0.wp.com\/nwrrv.de\/wp-content\/uploads\/2024\/10\/WhatsApp-Bild-2024-10-04-um-08.07.18_013fc563-1024x616.jpg?ssl=1\" data-amp-layout=\"responsive\" tabindex=\"0\" role=\"button\" aria-label=\"Bild\u00a01 von 3 im Vollbildmodus \u00f6ffnen\"\/><\/figure><figure class=\"tiled-gallery__item\"><img decoding=\"async\" srcset=\"https:\/\/i0.wp.com\/nwrrv.de\/wp-content\/uploads\/2024\/10\/WhatsApp-Bild-2024-10-04-um-08.07.18_123a0818-1024x683.jpg?strip=info&#038;w=600&#038;ssl=1 600w,https:\/\/i0.wp.com\/nwrrv.de\/wp-content\/uploads\/2024\/10\/WhatsApp-Bild-2024-10-04-um-08.07.18_123a0818-1024x683.jpg?strip=info&#038;w=900&#038;ssl=1 900w,https:\/\/i0.wp.com\/nwrrv.de\/wp-content\/uploads\/2024\/10\/WhatsApp-Bild-2024-10-04-um-08.07.18_123a0818-1024x683.jpg?strip=info&#038;w=1200&#038;ssl=1 1200w,https:\/\/i0.wp.com\/nwrrv.de\/wp-content\/uploads\/2024\/10\/WhatsApp-Bild-2024-10-04-um-08.07.18_123a0818-1024x683.jpg?strip=info&#038;w=1500&#038;ssl=1 1500w,https:\/\/i0.wp.com\/nwrrv.de\/wp-content\/uploads\/2024\/10\/WhatsApp-Bild-2024-10-04-um-08.07.18_123a0818-1024x683.jpg?strip=info&#038;w=1800&#038;ssl=1 1800w,https:\/\/i0.wp.com\/nwrrv.de\/wp-content\/uploads\/2024\/10\/WhatsApp-Bild-2024-10-04-um-08.07.18_123a0818-1024x683.jpg?strip=info&#038;w=2000&#038;ssl=1 2000w\" alt=\"\" data-height=\"1707\" data-id=\"4154\" data-link=\"https:\/\/nwrrv.de\/?attachment_id=4154\" data-url=\"https:\/\/nwrrv.de\/wp-content\/uploads\/2024\/10\/WhatsApp-Bild-2024-10-04-um-08.07.18_123a0818-1024x683.jpg\" data-width=\"2560\" src=\"https:\/\/i0.wp.com\/nwrrv.de\/wp-content\/uploads\/2024\/10\/WhatsApp-Bild-2024-10-04-um-08.07.18_123a0818-1024x683.jpg?ssl=1\" data-amp-layout=\"responsive\" tabindex=\"0\" role=\"button\" aria-label=\"Bild\u00a02 von 3 im Vollbildmodus \u00f6ffnen\"\/><\/figure><\/div><div class=\"tiled-gallery__col\" style=\"flex-basis:48.88757%\"><figure class=\"tiled-gallery__item\"><img decoding=\"async\" srcset=\"https:\/\/i0.wp.com\/nwrrv.de\/wp-content\/uploads\/2024\/10\/WhatsApp-Bild-2024-10-04-um-08.07.18_272eb22f-768x1024.jpg?strip=info&#038;w=600&#038;ssl=1 600w,https:\/\/i0.wp.com\/nwrrv.de\/wp-content\/uploads\/2024\/10\/WhatsApp-Bild-2024-10-04-um-08.07.18_272eb22f-768x1024.jpg?strip=info&#038;w=900&#038;ssl=1 900w,https:\/\/i0.wp.com\/nwrrv.de\/wp-content\/uploads\/2024\/10\/WhatsApp-Bild-2024-10-04-um-08.07.18_272eb22f-768x1024.jpg?strip=info&#038;w=1200&#038;ssl=1 1200w,https:\/\/i0.wp.com\/nwrrv.de\/wp-content\/uploads\/2024\/10\/WhatsApp-Bild-2024-10-04-um-08.07.18_272eb22f-768x1024.jpg?strip=info&#038;w=1500&#038;ssl=1 1500w,https:\/\/i0.wp.com\/nwrrv.de\/wp-content\/uploads\/2024\/10\/WhatsApp-Bild-2024-10-04-um-08.07.18_272eb22f-768x1024.jpg?strip=info&#038;w=1800&#038;ssl=1 1800w,https:\/\/i0.wp.com\/nwrrv.de\/wp-content\/uploads\/2024\/10\/WhatsApp-Bild-2024-10-04-um-08.07.18_272eb22f-768x1024.jpg?strip=info&#038;w=1920&#038;ssl=1 1920w\" alt=\"\" data-height=\"2560\" data-id=\"4155\" data-link=\"https:\/\/nwrrv.de\/?attachment_id=4155\" data-url=\"https:\/\/nwrrv.de\/wp-content\/uploads\/2024\/10\/WhatsApp-Bild-2024-10-04-um-08.07.18_272eb22f-768x1024.jpg\" data-width=\"1920\" src=\"https:\/\/i0.wp.com\/nwrrv.de\/wp-content\/uploads\/2024\/10\/WhatsApp-Bild-2024-10-04-um-08.07.18_272eb22f-768x1024.jpg?ssl=1\" data-amp-layout=\"responsive\" tabindex=\"0\" role=\"button\" aria-label=\"Bild\u00a03 von 3 im Vollbildmodus \u00f6ffnen\"\/><\/figure><\/div><\/div><\/div><\/div><\/div>\n\n\n\n<p>Die Geschwister Sabrina und Nico (Instagram: <a href=\"https:\/\/www.instagram.com\/boogie_dance_siblings\/\">@boogie_dance_siblings<\/a>) tanzen seit 2014 zusammen und begannen \u20602017 mit ihrer Turnierkarriere. \u2060H\u00f6hepunkt war ihr Sieg beim Worldcup in der Junioren-Klasse im Jahr 2021 in Sotschi.<\/p>\n\n\n\n<p>\u2060Die beiden sind seit 2022 aktives Kaderpaar des Deutschen Nationalkaders in der Main-Klasse und haben 2024 bereits in Irland, Polen und Schweden international im Halbfinale getanzt. Aktuell belegen sie Platz 8 der Weltrangliste.<\/p>\n\n\n\n<p>Neben einer Workshop-Einladung nach Polen, sind sie im Jahr 2025 zum ersten mal als Trainer bei einem Dance Camp aktiv &#8211; n\u00e4mlich bei uns in Xanten. Neben dem Boogie-Woogie sind beide auch als Trainer im Bereich Schwimmen und Ballett aktiv.<\/p>\n\n\n\n<p class=\"has-vivid-red-color has-text-color has-link-color wp-elements-c4ea728a359168227a25cef0990fa65e\"><strong>BITTE BEACHTEN:<\/strong><br>Leider k\u00f6nnen Sabrina und Nico kurzfristig nicht an unserem Boogie &amp; Swing Dance Camp 2025 als Trainerpaar teilnehmen, da sie am Dance Camp-Wochenende als Mitglieder des Nationalkaders beim World Cup Boogie-Woogie in Valkeakoski (FIN) an den Start gehen. Wir hoffen darauf beide bei n\u00e4chster Gelegenheit zu uns holen zu k\u00f6nnen und dr\u00fccken beiden feste die Dauemn f\u00fcr den World Cup.<\/p>\n\n\n\n<hr class=\"wp-block-separator has-css-opacity\"\/>\n\n\n<p><!--StartFragment--><\/p>\n\n\n<h4 class=\"wp-block-heading\"><strong><span style=\"text-decoration: underline;\">Alle Informationen zum n\u00e4chsten Dance Camp:<\/span><\/strong><\/h4>\n\n\n\n<figure class=\"wp-block-table\"><table class=\"has-background\" style=\"background-color:#e9fbe5\"><tbody><tr><td class=\"has-text-align-left\" data-align=\"left\">&#8211; <a href=\"https:\/\/nwrrv.de\/?page_id=3244\" data-type=\"page\" data-id=\"3244\">Unsere Trainerteam \u2013 Dance Camp 2025<\/a><br>&#8211; <a href=\"https:\/\/nwrrv.de\/?page_id=4165\" data-type=\"page\" data-id=\"4165\">Informationen \u2013 Dance Camp 2025<\/a><br>&#8211; <a href=\"https:\/\/nwrrv.de\/?page_id=3257\" data-type=\"page\" data-id=\"3257\">Dance Camp Partys 2025<\/a><br>&#8211; <a href=\"https:\/\/nwrrv.de\/?page_id=4358\" data-type=\"page\" data-id=\"4358\">Bedingungen zu Foto-\/Videoaufnahmen und Stornierung\/Kostenerstattung \u2013 Dance Camp 2025<\/a><br>&#8211; <a href=\"https:\/\/nwrrv.de\/?page_id=3246\" data-type=\"page\" data-id=\"3246\">Preise und Anmeldung \u2013 Dance Camp 2025<\/a><\/td><\/tr><\/tbody><\/table><\/figure>\n\n\n<p><!--EndFragment--><\/p>\n<p><!--EndFragment--><\/p>","protected":false},"excerpt":{"rendered":"<p>Andrea und Michael G\u00fcnther (Moers) Andrea und Michael (Instagram: @dieschruenthers) tanzen schon eine gef\u00fchlte Ewigkeit miteinander und geh\u00f6ren f\u00fcr unser<\/p>\n","protected":false},"author":9,"featured_media":0,"parent":2974,"menu_order":1,"comment_status":"closed","ping_status":"closed","template":"","meta":{"colormag_page_container_layout":"default_layout","colormag_page_sidebar_layout":"default_layout","jetpack_post_was_ever_published":false,"footnotes":"","_links_to":"","_links_to_target":""},"class_list":["post-3244","page","type-page","status-publish","hentry"],"jetpack_shortlink":"https:\/\/wp.me\/P4OolM-Qk","jetpack_sharing_enabled":true,"_links":{"self":[{"href":"https:\/\/nwrrv.de\/index.php?rest_route=\/wp\/v2\/pages\/3244","targetHints":{"allow":["GET"]}}],"collection":[{"href":"https:\/\/nwrrv.de\/index.php?rest_route=\/wp\/v2\/pages"}],"about":[{"href":"https:\/\/nwrrv.de\/index.php?rest_route=\/wp\/v2\/types\/page"}],"author":[{"embeddable":true,"href":"https:\/\/nwrrv.de\/index.php?rest_route=\/wp\/v2\/users\/9"}],"replies":[{"embeddable":true,"href":"https:\/\/nwrrv.de\/index.php?rest_route=%2Fwp%2Fv2%2Fcomments&post=3244"}],"version-history":[{"count":38,"href":"https:\/\/nwrrv.de\/index.php?rest_route=\/wp\/v2\/pages\/3244\/revisions"}],"predecessor-version":[{"id":4666,"href":"https:\/\/nwrrv.de\/index.php?rest_route=\/wp\/v2\/pages\/3244\/revisions\/4666"}],"up":[{"embeddable":true,"href":"https:\/\/nwrrv.de\/index.php?rest_route=\/wp\/v2\/pages\/2974"}],"wp:attachment":[{"href":"https:\/\/nwrrv.de\/index.php?rest_route=%2Fwp%2Fv2%2Fmedia&parent=3244"}],"curies":[{"name":"wp","href":"https:\/\/api.w.org\/{rel}","templated":true}]}}